alse
Is ((-40)/80)/(2/(-1502))*2 a prime number?
True
Suppose -4*i = -2*j + 3*j - 181, i = 2*j + 34. Let f = 53 + -66. Let k = i + f. Is k a composite number?
False
Let q(k) be the second derivative of -17*k**5/10 - k**4/12 + k**2 + 11*k. Is q(-3) a composite number?
False
Let y(o) = 3*o + 2. Let i be y(6). Let n = 89 + -93. Is 132/i + n/(-10) a composite number?
False
Suppose 4*k + 4*x - 395770 = 21054, -5*k - x + 521034 = 0. Is k a composite number?
False
Let a = -3272 + 4633. Is a a prime number?
True
Suppose 2*x = 4*x + 4. Suppose -16 = 10*k + 14. Is k - x*(46 + 0) a prime number?
True
Let u(t) = t**3 + 8*t**2 + 8*t + 8. Let y be u(-7). Is (y + -24)/(8/(-136)) a prime number?
False
Let v = 9 - 1. Suppose 3*c = v*c. Suppose c = 7*p - 6*p - 145. Is p prime?
False
Suppose -7*t - 290 = 550. Is 5953/15 + 0 + (-16)/t a composite number?
False
Let p(z) = -7*z**2 + 29*z - 9. Let y be p(10). Let v = y + 3648. Is v prime?
True
Suppose 14*s - 16*s = 0. Suppose 5*p - 1369 - 2886 = s. Let o = -594 + p. Is o a prime number?
True
Let z(c) = 539*c - 150. Is z(11) a prime number?
True
Let t be (-18)/(-4)*30/45. Suppose 8*c = t*c. Suppose c*d - 4*d + 308 = 0. Is d composite?
True
Let a(r) be the third derivative of 9/20*r**5 + 1/6*r**4 + 0 + 0*r + 5*r**2 - 2/3*r**3. Is a(3) a composite number?
False
Is (7 - -3)/(-2) - 1589*-2 composite?
True
Is 3 - (-330 + (-5 - -7 - 3)) composite?
True
Let w(j) be the third derivative of 0*j - 3*j**2 - 1/6*j**3 - 7/4*j**4 + 0. Is w(-10) composite?
False
Let p(a) = -2*a**2 + 5*a + 4. Let c be p(4). Let d(j) = -j**3 + 4*j**2 + 11*j - 7. Is d(c) composite?
False
Let x be ((-20)/(-8) + -3)*0. Suppose -3*r + 6 + 0 = x. Suppose -s - r*u + 226 = 0, 3*s - 2*u - 443 - 235 = 0. Is s a composite number?
True
Let x(s) = s**3 - 14*s**2 - 12*s - 16. Let o be x(19). Suppose 3*g = g + 6. Suppose -10*y + o = -g*y. Is y prime?
True
Let r = 26828 - 15165. Is r a composite number?
True
Let x be (-1 + 2)*7 - 0. Suppose j + 3 = -t, -4*t + j = -1 - x. Is (205 - 0)*t/1 composite?
True
Suppose -3*i = -5*r + 2238 - 65673, 3*i + r - 63435 = 0. Is i prime?
False
Let t(n) = -n**3 - 7*n**2 + 8*n + 11. Let x(k) = -2*k. Let y be x(4). Let z be (1 - 2)/((-1)/y). Is t(z) composite?
False
Let b = 3571 - -2542. Is b a composite number?
False
Let t(l) = -l**3 - 14*l**2 + 16*l + 22. Let a be t(-15). Let q(g) = 9*g + 2. Is q(a) composite?
True
Suppose 38*m - 44*m = -9054. Is m a composite number?
True
Let a = -16 - -20. Suppose -a*c + 848 = -4*i, i + 0*i - 1054 = -5*c. Suppose 2*l = c - 41. Is l a prime number?
False
Suppose -14 + 5 = -3*w, 3*y - 3 = 3*w. Suppose -y*h - 518 + 1530 = 0. Suppose 2*l - h = 129. Is l prime?
True
Let d(f) = -1. Let z(o) = -4*o**3 - 6*o - 6. Let r(h) = 5*d(h) + z(h). Is r(-5) prime?
False
Let q(i) = 3528*i - 17. Is q(2) prime?
True
Suppose 14 - 4 = 5*y. Let z be (1 + -3)*31/y. Let v = z + 62. Is v composite?
False
Let k(u) = -299*u + 7. Suppose -27*a + 25*a - 12 = 0. Is k(a) a composite number?
False
Suppose 39*q = 33*q + 68658. Is q composite?
False
Suppose -7*u - 15012 = -u. Let b = -451 - u. Is b a composite number?
True
Let g = 297 - -484. Is g prime?
False
Let f = -19 + 19. Suppose 4*n = -q - f*q + 2737, 2074 = 3*n + 5*q. Is n composite?
False
Is ((-109722)/10)/(11*18/(-990)) composite?
True
Let u(w) = -6*w - 14. Suppose -4*i = -o - 14, -5*i + 5*o + 3 = -7. Let b be (-504)/49 - i/(-14). Is u(b) a prime number?
False
Is (839 - (-4 - -1))/(10/95) a prime number?
False
Suppose 5*k + 35 = 5*c, 2*k = -3*c - 0*k + 11. Let p(m) = m**3 - 4*m**2 - 5*m + 3. Let f be p(c). Suppose -281 = f*w - 818. Is w a composite number?
False
Suppose 0 = 4*p - 56 - 32. Is (-5518)/(-22) + p/121 a composite number?
False
Suppose 5*u + 201 + 29 = 0. Let m = 13 - u. Suppose m = x + 2*b, -5*x = -x - 5*b - 184. Is x prime?
False
Let p(t) = -8*t - 25. Let m be 4/22 - (-336)/88. Suppose -m*c - 4*o = 72, -c + 5*c + 3*o = -73. Is p(c) a composite number?
False
Suppose 8*c - 22619 = 8949. Is c prime?
False
Let v = 13 - 9. Let k be -7*-2*v/28. Is ((-510)/(-4) + -2)*k a prime number?
True
Let k be (-3)/((-18)/(-66))*(0 + -3). Is k/(-12)*(-2 + -4686)/4 a composite number?
True
Suppose 9*n + 9841 = 3*v + 4*n, -n = v - 3291. Is v prime?
False
Suppose -4*w - 5*x + 13 = -0*x, -3*w + x + 5 = 0. Let j(i) = -i**2 + 8*i + 3. Let c be j(8). Is (0 - (c - w))*-43 a prime number?
True
Let l = 15 - 27. Let q = l + 22. Is q a prime number?
False
Suppose 2*l = -3*l + 1765. Let g = 431 + -635. Let p = g + l. Is p a prime number?
True
Let f(c) = -c**2 - 11*c + 4. Let r be f(-11). Suppose -3*b + r*l = -21 + 5, 20 = b - 5*l. Suppose b*s - 89 = -s. Is s composite?
False
Let l(s) = -18*s - 1. Suppose -3*m = 34 + 8. Is l(m) a prime number?
True
Let t(n) = -n**2 - 3*n + 2. Let v be t(-3). Let f be v/(-5) + 24/10. Is 0 - (-11 + f + -1) prime?
False
Let s(w) = 47*w**2 + 3*w - 19. Let m be s(4). Is m + (-4)/(-8)*-4 prime?
True
Let v be 6/33 + 28535/55. Let d be v/(-2) - 14/(-28). Let b = 510 + d. Is b a prime number?
True
Suppose 9*r - 5*r + 6*r = 0. Suppose 4*j - 4*u - 132 = r, -2*u = 2*j - 70 + 12. Is j a composite number?
False
Let j(v) be the first derivative of 11*v**2/2 + v - 25. Let r = 4 - -2. Is j(r) prime?
True
Let v(a) = -3*a**3 + a**2 + 4*a + 3. Let k be v(-2). Let j be 1/1 - (-44 + -1). Let l = j - k. Is l prime?
True
Suppose 8*s - 4*s - 3*p = 41182, -20590 = -2*s + 2*p. Is s composite?
True
Let f(v) = 0 + v - v**2 + 6 - 3. Let t be f(0). Suppose t*s + h = 502, 0 = 3*s - h + 3*h - 506. Is s composite?
True
Let h = 1 - -2. Suppose g = h*p - 356, 3*g - 2*g - 116 = -p. Let v = -81 + p. Is v prime?
True
Let a(b) = b**2 + 9*b - 10. Let t be a(-10). Suppose 5*x - 25 = -t*x, 2*x = -2*l + 240. Is l a prime number?
False
Let o(w) = w + 1. Let c(d) = 6*d - 6. Let q(f) = -c(f) + 5*o(f). Let h be q(9). Suppose -n + 5 = h*p - 19, -3*n = -4*p - 22. Is n prime?
False
Let v(a) be the first derivative of -a**3/3 - 5*a**2 + 4*a - 11. Is v(-9) composite?
False
Let n be -7*(-1 - 15/(-21)). Suppose 4*q - 742 = -3*w - 83, -n*q + 436 = 2*w. Is w a prime number?
False
Let p = 3034 + -1973. Is p composite?
False
Let v(p) = -p**3 + 5*p**2. Let w be v(5). Suppose -b + 0*b + 1137 = w. Is b prime?
False
Let k = -107 + 135. Is (-6)/(-14) - ((-267024)/k + 10) a composite number?
True
Let s(f) = -f**2 + 6*f + 2. Let i be s(6). Let z be ((-6)/i)/3*-186. Suppose z = -c + 827. Is c a composite number?
False
Suppose 24*x - 25*x = 0. Suppose 0 = -2*v + v + 4. Suppose -m = -3*r - v*m + 87, x = -3*r + 2*m + 107. Is r composite?
True
Let b(w) = w**3 - 2*w**2 - w + 6. Let r be b(0). Suppose 17 = -r*g + 5. Is (-474)/12*(g - 2) a composite number?
True
Suppose 2 - 9 = -r. Let j(p) = 16*p - 29. Is j(r) composite?
False
Let j = 953 - -836. Suppose -u - z + 1801 = -5*z, z = u - j. Suppose 5*o - u = 460. Is o composite?
False
Suppose 0 = 228*x - 243*x + 9705. Is x composite?
False
Let i(g) = g**3 + 4*g**2 + 5*g - 3. Let p be i(-4). Let t = p + 9. Let h(j) = -j**2 - 29*j + 13. Is h(t) a prime number?
True
Suppose 2*n - 2*o = -4*o + 28, o + 36 = 4*n. Let x(y) = -2*y**3 - 2*y**2 - 2*y. Let i be x(-1). Is n/(-20) + 131/i composite?
True
Let a = 10 + -11. Let h be -12*15/(-6) - a. Suppose k - h - 180 = 0. Is k composite?
False
Let q = 143 - 147. Is 1392 - -1*(q + 3 + 0) prime?
False
Let j = -5287 - -1685. Let u = -2283 - j. Is u prime?
True
Let r(q) = -q**3 + q**2 + 12*q - 27. Is r(-11) composite?
True
Suppose -w + 1973 = z, -w - 5*z + 1725 = -248. Is w prime?
True
Let u = 63 - 55. Suppose 1760 = u*j - 3704. Is j composite?
False
Let g(j) = -2*j**3 + 2*j + 1. Let k be g(-1). Is k*-1*(-553 + -4) a prime number?
True
Let w(t) = t**3 + 9*t**2 + 7*t - 10. Let x be w(-8). Is ((-443)/1 + x)*-1 composite?
True
Suppose -11*h + 4 = -10*h. Suppose 3*r - 5*r = b - 1413, h*b - 689 = -r. Is r a prime number?
True
Let g = 186 + -95. Is 8/(0 - 4) + g composite?
False
Let i(n) be the third derivative of n**5/60 - n**4/2 + 7*n**3/3 + 2*n**2. Let y be i(11). Is (-3)/y*1*-203 a composite number?
True
Suppose 3*j = -3*r + 1818, -j + 0*r - 4*r + 612 = 0. Let p = j - -763. Is p a prime number?
True
Suppose -48 + 8 = 5*q. Is 1/((-2)/q) + 299 + 4 composite?
False
Let q = -10 + 14. Suppose -3*d + z + 72 = 0, -3*z + 103 = q*d - 2*z. Is d prime?
False
